nder when 141 is divided by 25.
16
What is the remainder when 39 is divided by 7?
4
Calculate the remainder when 4625 is divided by 24.
17
Calculate the remainder when 856 is divided by 108.
100
What is the remainder when 1493 is divided by 488?
29
Calculate the remainder when 178 is divided by 15.
13
Calculate the remainder when 163 is divided by 50.
13
What is the remainder when 270 is divided by 120?
30
What is the remainder when 767 is divided by 8?
7
What is the remainder when 15910 is divided by 7?
6
What is the remainder when 855 is divided by 95?
0
Calculate the remainder when 464 is divided by 93.
92
Calculate the remainder when 272 is divided by 59.
36
Calculate the remainder when 33 is divided by 9.
6
Calculate the remainder when 389 is divided by 17.
15
Calculate the remainder when 4090 is divided by 66.
64
Calculate the remainder when 168 is divided by 34.
32
What is the remainder when 68 is divided by 12?
8
Calculate the remainder when 132 is divided by 24.
12
Calculate the remainder when 4999 is divided by 122.
119
Calculate the remainder when 1738 is divided by 145.
143
Calculate the remainder when 501 is divided by 64.
53
Calculate the remainder when 8474 is divided by 14.
4
Calculate the remainder when 205 is divided by 104.
101
Calculate the remainder when 158 is divided by 72.
14
What is the remainder when 11 is divided by 6?
5
Calculate the remainder when 3974 is divided by 17.
13
What is the remainder when 11149 is divided by 164?
161
Calculate the remainder when 9 is divided by 1.
0
Calculate the remainder when 47 is divided by 7.
5
What is the remainder when 148 is divided by 4?
0
What is the remainder when 3864 is divided by 35?
14
What is the remainder when 1280 is divided by 61?
60
Calculate the remainder when 493 is divided by 46.
33
What is the remainder when 183 is divided by 35?
8
Calculate the remainder when 99 is divided by 35.
29
Calculate the remainder when 4778 is divided by 4.
2
Calculate the remainder when 101 is divided by 27.
20
What is the remainder when 914 is divided by 5?
4
Calculate the remainder when 1666 is divided by 167.
163
Calculate the remainder when 1245 is divided by 156.
153
What is the remainder when 2637 is divided by 23?
15
What is the remainder when 798 is divided by 101?
91
What is the remainder when 286 is divided by 5?
1
Calculate the remainder when 895 is divided by 29.
25
Calculate the remainder when 131 is divided by 6.
5
What is the remainder when 558 is divided by 247?
64
Calculate the remainder when 7221 is divided by 129.
126
What is the remainder when 1559 is divided by 514?
17
Calculate the remainder when 174 is divided by 130.
44
What is the remainder when 952 is divided by 66?
28
Calculate the remainder when 184 is divided by 31.
29
What is the remainder when 3992 is divided by 93?
86
Calculate the remainder when 541 is divided by 14.
9
What is the remainder when 15555 is divided by 91?
85
Calculate the remainder when 30 is divided by 17.
13
Calculate the remainder when 557 is divided by 29.
6
What is the remainder when 94 is divided by 34?
26
Calculate the remainder when 169 is divided by 41.
5
What is the remainder when 3425 is divided by 143?
136
What is the remainder when 853 is divided by 87?
70
What is the remainder when 1940 is divided by 176?
4
Calculate the remainder when 115 is divided by 15.
10
What is the remainder when 96 is divided by 4?
0
What is the remainder when 98 is divided by 5?
3
Calculate the remainder when 95 is divided by 1.
0
What is the remainder when 120 is divided by 34?
18
What is the remainder when 422 is divided by 120?
62
Calculate the remainder when 1321 is divided by 35.
26
What is the remainder when 736 is divided by 220?
76
What is the remainder when 96 is divided by 41?
14
Calculate the remainder when 34396 is divided by 59.
58
What is the remainder when 17 is divided by 12?
5
Calculate the remainder when 175 is divided by 26.
19
What is the remainder when 466 is divided by 113?
14
Calculate the remainder when 161 is divided by 60.
41
Calculate the remainder when 415 is divided by 142.
131
What is the remainder when 5324 is divided by 71?
70
What is the remainder when 769 is divided by 11?
10
Calculate the remainder when 12525 is divided by 16.
13
What is the remainder when 163 is divided by 43?
34
What is the remainder when 12871 is divided by 21?
19
What is the remainder when 73 is divided by 7?
3
Calculate the remainder when 990 is divided by 141.
3
Calculate the remainder when 107 is divided by 45.
17
What is the remainder when 161 is divided by 4?
1
What is the remainder when 75 is divided by 20?
15
What is the remainder when 147 is divided by 10?
7
What is the remainder when 2199 is divided by 35?
29
Calculate the remainder when 2212 is divided by 123.
121
What is the remainder when 15597 is divided by 24?
21
What is the remainder when 2291 is divided by 27?
23
What is the remainder when 412 is divided by 33?
16
What is the remainder when 317 is divided by 29?
27
What is the remainder when 160 is divided by 52?
4
Calculate the remainder when 104 is divided by 71.
33
What is the remainder when 72 is divided by 17?
4
What is the remainder when 5316 is divided by 20?
16
What is the remainder when 1830 is divided by 67?
21
Calculate the remainder when 292 is divided by 21.
19
What is the remainder when 637 is divided by 71?
69
Calculate the remainder when 1530 is divided by 139.
1
What is the remainder when 133 is divided by 6?
1
What is the remainder when 41 is divided by 16?
9
Calculate the remainder when 2322 is divided by 15.
12
What is the remainder when 1450 is divided by 28?
22
Calculate the remainder when 2476 is divided by 71.
62
Calculate the remainder when 808 is divided by 141.
103
What is the remainder when 357 is divided by 76?
53
Calculate the remainder when 1073 is divided by 14.
9
Calculate the remainder when 276 is divided by 93.
90
What is the remainder when 348 is divided by 80?
28
Calculate the remainder when 471 is divided by 134.
69
What is the remainder when 501 is divided by 485?
16
Calculate the remainder when 1347 is divided by 27.
24
Calculate the remainder when 91 is divided by 68.
23
What is the remainder when 3865 is divided by 215?
210
Calculate the remainder when 109 is divided by 37.
35
Calculate the remainder when 7775 is divided by 24.
23
What is the remainder when 42 is divided by 39?
3
What is the remainder when 150 is divided by 72?
6
What is the remainder when 268 is divided by 28?
16
Calculate the remainder when 868 is divided by 25.
18
What is the remainder when 393 is divided by 99?
96
What is the remainder when 227 is divided by 103?
21
What is the remainder when 695 is divided by 120?
95
Calculate the remainder when 6531 is divided by 27.
24
What is the remainder when 1038 is divided by 206?
8
What is the remainder when 2704 is divided by 337?
8
What is the remainder when 215 is divided by 24?
23
Calculate the remainder when 135 is divided by 29.
19
What is the remainder when 72 is divided by 33?
6
Calculate the remainder when 2655 is divided by 20.
15
What is the remainder when 2581 is divided by 81?
70
Calculate the remainder when 239 is divided by 57.
11
What is the remainder when 6 is divided by 4?
2
What is the remainder when 405 is divided by 128?
21
What is the remainder when 2068 is divided by 683?
19
What is the remainder when 169 is divided by 15?
4
Calculate the remainder when 107 is divided by 32.
11
What is the remainder when 305 is divided by 59?
10
What is the remainder when 164 is divided by 4?
0
What is the remainder when 3 is divided by 2?
1
Calculate the remainder when 6770 is divided by 60.
50
Calculate the remainder when 272 is divided by 56.
48
What is the remainder when 132 is divided by 35?
27
Calculate the remainder when 55 is divided by 29.
26
Calculate the remainder when 6 is divided by 2.
0
What is the remainder when 30 is divided by 19?
11
Calculate the remainder when 648 is divided by 10.
8
What is the remainder when 2547 is divided by 51?
48
Calculate the remainder when 139 is divided by 127.
12
What is the remainder when 5877 is divided by 30?
27
Calculate the remainder when 97 is divided by 24.
1
What is the remainder when 45213 is divided by 96?
93
W